{"id":80,"date":"2019-10-10T11:15:38","date_gmt":"2019-10-10T11:15:38","guid":{"rendered":"http:\/\/sternchen-motorsport.de\/?page_id=80"},"modified":"2019-10-11T07:23:27","modified_gmt":"2019-10-11T07:23:27","slug":"impressum","status":"publish","type":"page","link":"https:\/\/sternchen-motorsport.de\/?page_id=80","title":{"rendered":"Impressum"},"content":{"rendered":"\n<p>\n\nKFZ-Meister Martin Sternberg<br>KFZ-Reparaturen &amp; Service<br>Zur L\u00fcre 43, 37671 H\u00f6xter\n\n<\/p>\n\n\n\n<p>Mitgliedsbetrieb der <br>Handwerkskammer Ostwestfalen- Lippe zu Bielefeld ,<br>USt.-Ident.-Nr.: DE256565864<br>Gesch\u00e4ftsf\u00fchrer: Martin Sternberg<\/p>\n\n\n\n<p>Fon 05271 9665718<br>Fax 03222 1528816<br>Mobil 0151 26141362<br>sternchen-motorsport@t-online.de<br><\/p>\n","protected":false},"excerpt":{"rendered":"<p>KFZ-Meister Martin SternbergKFZ-Reparaturen &amp; ServiceZur L\u00fcre 43, 37671 H\u00f6xter Mitgliedsbetrieb der Handwerkskammer Ostwestfalen- Lippe zu Bielefeld ,USt.-Ident.-Nr.: DE256565864Gesch\u00e4ftsf\u00fchrer: Martin Sternberg Fon 05271 9665718Fax 03222 1528816Mobil 0151 26141362sternchen-motorsport@t-online.de<\/p>\n","protected":false},"author":2,"featured_media":0,"parent":0,"menu_order":0,"comment_status":"closed","ping_status":"closed","template":"","meta":[],"_links":{"self":[{"href":"https:\/\/sternchen-motorsport.de\/index.php?rest_route=\/wp\/v2\/pages\/80"}],"collection":[{"href":"https:\/\/sternchen-motorsport.de\/index.php?rest_route=\/wp\/v2\/pages"}],"about":[{"href":"https:\/\/sternchen-motorsport.de\/index.php?rest_route=\/wp\/v2\/types\/page"}],"author":[{"embeddable":true,"href":"https:\/\/sternchen-motorsport.de\/index.php?rest_route=\/wp\/v2\/users\/2"}],"replies":[{"embeddable":true,"href":"https:\/\/sternchen-motorsport.de\/index.php?rest_route=%2Fwp%2Fv2%2Fcomments&post=80"}],"version-history":[{"count":5,"href":"https:\/\/sternchen-motorsport.de\/index.php?rest_route=\/wp\/v2\/pages\/80\/revisions"}],"predecessor-version":[{"id":115,"href":"https:\/\/sternchen-motorsport.de\/index.php?rest_route=\/wp\/v2\/pages\/80\/revisions\/115"}],"wp:attachment":[{"href":"https:\/\/sternchen-motorsport.de\/index.php?rest_route=%2Fwp%2Fv2%2Fmedia&parent=80"}],"curies":[{"name":"wp","href":"https:\/\/api.w.org\/{rel}","templated":true}]}}